{"id":466,"date":"2015-01-11T17:59:47","date_gmt":"2015-01-11T20:59:47","guid":{"rendered":"http:\/\/vaimenina.com.br\/blog\/?page_id=466"},"modified":"2015-07-28T23:45:49","modified_gmt":"2015-07-29T02:45:49","slug":"pagina-2","status":"publish","type":"page","link":"https:\/\/vaimenina.com.br\/blog\/pagina-2\/","title":{"rendered":"Cabelo Natural"},"content":{"rendered":"<div class=\"pntrst_main_before_after\"><div class=\"pntrst-button-wrap \" >\n\t\t\t\t\t\t\t<a  data-pin-do=\"buttonFollow\" href=\"https:\/\/www.pinterest.com\/vaimenina\/\">Follow me<\/a>\n\t\t\t\t\t\t<\/div><\/div><p>Eu nasci com o cabelo enroladinho&#8230; Mas passei metade da vida tentando mudar a forma dele com processos qu\u00edmicos. Depois de\u00a0mais de 10 anos, caiu a ficha de que eu n\u00e3o precisa de nada disso para ser feliz, e que aceitar meus cachos era uma liberta\u00e7\u00e3o. Esse \u00e9 um processo demorado, durante 1 ano e 5 meses passei pela\u00a0<a title=\"Transi\u00e7\u00e3o capilar\" href=\"http:\/\/vaimenina.com.br\/blog\/transicao-capilar\/\" target=\"_blank\"><strong>transi\u00e7\u00e3o capilar<\/strong><\/a>, deixando o cabelo crescer.<\/p>\n<p><a href=\"https:\/\/i0.wp.com\/vaimenina.com.br\/blog\/wp-content\/uploads\/2015\/01\/wpid-img_20141216_135103.jpg\"><img data-recalc-dims=\"1\" loading=\"lazy\" decoding=\"async\" class=\"alignnone size-medium wp-image-475\" src=\"https:\/\/i0.wp.com\/vaimenina.com.br\/blog\/wp-content\/uploads\/2015\/01\/wpid-img_20141216_135103-300x300.jpg?resize=300%2C300\" alt=\"cabelo-natural\" width=\"300\" height=\"300\" srcset=\"https:\/\/i0.wp.com\/vaimenina.com.br\/blog\/wp-content\/uploads\/2015\/01\/wpid-img_20141216_135103.jpg?resize=300%2C300&amp;ssl=1 300w, https:\/\/i0.wp.com\/vaimenina.com.br\/blog\/wp-content\/uploads\/2015\/01\/wpid-img_20141216_135103.jpg?resize=150%2C150&amp;ssl=1 150w, https:\/\/i0.wp.com\/vaimenina.com.br\/blog\/wp-content\/uploads\/2015\/01\/wpid-img_20141216_135103.jpg?w=683&amp;ssl=1 683w\" sizes=\"(max-width: 300px) 100vw, 300px\" \/><\/a><\/p>\n<p>Ouvi de v\u00e1rias pessoas que deveria fazer um relaxamento ou qualquer outro processo qu\u00edmico de novo, mas isso n\u00e3o fazia o menor sentido pra mim.\u00a0Eu estava decidida a voltar para meus cachos, e pagar o pre\u00e7o que fosse preciso. O\u00a0pre\u00e7o foi cortar. Chamamos essa parte de <a title=\"Meu Big Chop\" href=\"http:\/\/vaimenina.com.br\/blog\/meu-big-chop\/\" target=\"_blank\"><strong>Big Chop<\/strong><\/a>, ou grande corte, que \u00e9 um corte para tirar toda a parte com qu\u00edmica. Nunca tive cabelo t\u00e3o curto,\u00a0e admito que senti muito medo. Mas ao\u00a0assumir minha natureza, encontrei uma for\u00e7a que nem sabia que tinha. Vi que n\u00e3o preciso me encaixar em nenhum padr\u00e3o para ser bonita, ser feliz ou ser mulher.<\/p>\n<p>Sei que a qu\u00edmica \u00e9 realidade para muitas meninas, e tamb\u00e9m que n\u00e3o encontramos muita coisa sobre cabelo crespo e cacheado, ent\u00e3o decidi dividir minha experi\u00eancia. Agora meu cabelo\u00a0est\u00e1 100% natural, eu aderi a t\u00e9cnica <a title=\"No e Low Poo \u2013 O que \u00e9 essa t\u00e9cnica?\" href=\"http:\/\/vaimenina.com.br\/blog\/no-e-low-poo-o-que-e-essa-tecnica\/\" target=\"_blank\"><strong>low poo<\/strong><\/a> e busco maneiras para cuidar dele usando receitas caseiras e produtos menos agressivos. Na tag cabelo voc\u00ea encontra minha rotina de cuidados, receitas, dicas de produtos e penteados.<\/p>\n<div class=\"pntrst_main_before_after\"><\/div><p><a href=\"\/\/www.pinterest.com\/pin\/create\/button\/\" data-pin-do=\"buttonBookmark\" data-pin-color=\"red\" data-pin-height=\"128\"><img data-recalc-dims=\"1\" decoding=\"async\" src=\"https:\/\/i0.wp.com\/assets.pinterest.com\/images\/pidgets\/pinit_fg_en_rect_red_28.png\" \/><\/a><\/p>","protected":false},"excerpt":{"rendered":"<p>Follow me Eu nasci com o cabelo enroladinho&#8230; Mas passei metade da vida tentando mudar a forma dele com processos qu\u00edmicos. Depois de\u00a0mais de 10 anos, caiu a ficha de que eu n\u00e3o precisa de nada disso para ser feliz, e que aceitar meus cachos era uma liberta\u00e7\u00e3o. Esse \u00e9 um processo demorado, durante 1 [&hellip;]<\/p>\n","protected":false},"author":1,"featured_media":0,"parent":0,"menu_order":0,"comment_status":"open","ping_status":"open","template":"","meta":{"_exactmetrics_skip_tracking":false,"_exactmetrics_sitenote_active":false,"_exactmetrics_sitenote_note":"","_exactmetrics_sitenote_category":0,"jetpack_post_was_ever_published":false,"footnotes":""},"class_list":["post-466","page","type-page","status-publish","hentry"],"yoast_head":"<!-- This site is optimized with the Yoast SEO plugin v23.5 - https:\/\/yoast.com\/wordpress\/plugins\/seo\/ -->\n<title>Cabelo Natural - Vai Menina<\/title>\n<meta name=\"robots\" content=\"index, follow, max-snippet:-1, max-image-preview:large, max-video-preview:-1\" \/>\n<link rel=\"canonical\" href=\"https:\/\/vaimenina.com.br\/blog\/pagina-2\/\" \/>\n<meta property=\"og:locale\" content=\"pt_BR\" \/>\n<meta property=\"og:type\" content=\"article\" \/>\n<meta property=\"og:title\" content=\"Cabelo Natural - Vai Menina\" \/>\n<meta property=\"og:description\" content=\"Follow me Eu nasci com o cabelo enroladinho&#8230; Mas passei metade da vida tentando mudar a forma dele com processos qu\u00edmicos. Depois de\u00a0mais de 10 anos, caiu a ficha de que eu n\u00e3o precisa de nada disso para ser feliz, e que aceitar meus cachos era uma liberta\u00e7\u00e3o. Esse \u00e9 um processo demorado, durante 1 [&hellip;]\" \/>\n<meta property=\"og:url\" content=\"https:\/\/vaimenina.com.br\/blog\/pagina-2\/\" \/>\n<meta property=\"og:site_name\" content=\"Vai Menina\" \/>\n<meta property=\"article:publisher\" content=\"https:\/\/www.facebook.com\/vaimenina\/\" \/>\n<meta property=\"article:modified_time\" content=\"2015-07-29T02:45:49+00:00\" \/>\n<meta property=\"og:image\" content=\"http:\/\/vaimenina.com.br\/blog\/wp-content\/uploads\/2015\/01\/wpid-img_20141216_135103-300x300.jpg\" \/>\n<meta name=\"twitter:label1\" content=\"Est. tempo de leitura\" \/>\n\t<meta name=\"twitter:data1\" content=\"1 minuto\" \/>\n<script type=\"application\/ld+json\" class=\"yoast-schema-graph\">{\"@context\":\"https:\/\/schema.org\",\"@graph\":[{\"@type\":\"WebPage\",\"@id\":\"https:\/\/vaimenina.com.br\/blog\/pagina-2\/\",\"url\":\"https:\/\/vaimenina.com.br\/blog\/pagina-2\/\",\"name\":\"Cabelo Natural - Vai Menina\",\"isPartOf\":{\"@id\":\"https:\/\/vaimenina.com.br\/blog\/#website\"},\"primaryImageOfPage\":{\"@id\":\"https:\/\/vaimenina.com.br\/blog\/pagina-2\/#primaryimage\"},\"image\":{\"@id\":\"https:\/\/vaimenina.com.br\/blog\/pagina-2\/#primaryimage\"},\"thumbnailUrl\":\"http:\/\/vaimenina.com.br\/blog\/wp-content\/uploads\/2015\/01\/wpid-img_20141216_135103-300x300.jpg\",\"datePublished\":\"2015-01-11T20:59:47+00:00\",\"dateModified\":\"2015-07-29T02:45:49+00:00\",\"breadcrumb\":{\"@id\":\"https:\/\/vaimenina.com.br\/blog\/pagina-2\/#breadcrumb\"},\"inLanguage\":\"pt-BR\",\"potentialAction\":[{\"@type\":\"ReadAction\",\"target\":[\"https:\/\/vaimenina.com.br\/blog\/pagina-2\/\"]}]},{\"@type\":\"ImageObject\",\"inLanguage\":\"pt-BR\",\"@id\":\"https:\/\/vaimenina.com.br\/blog\/pagina-2\/#primaryimage\",\"url\":\"http:\/\/vaimenina.com.br\/blog\/wp-content\/uploads\/2015\/01\/wpid-img_20141216_135103-300x300.jpg\",\"contentUrl\":\"http:\/\/vaimenina.com.br\/blog\/wp-content\/uploads\/2015\/01\/wpid-img_20141216_135103-300x300.jpg\"},{\"@type\":\"BreadcrumbList\",\"@id\":\"https:\/\/vaimenina.com.br\/blog\/pagina-2\/#breadcrumb\",\"itemListElement\":[{\"@type\":\"ListItem\",\"position\":1,\"name\":\"In\u00edcio\",\"item\":\"https:\/\/vaimenina.com.br\/blog\/\"},{\"@type\":\"ListItem\",\"position\":2,\"name\":\"Cabelo Natural\"}]},{\"@type\":\"WebSite\",\"@id\":\"https:\/\/vaimenina.com.br\/blog\/#website\",\"url\":\"https:\/\/vaimenina.com.br\/blog\/\",\"name\":\"Vai Menina\",\"description\":\"Viagens, ballet, cabelo, comportamento e mais...\",\"potentialAction\":[{\"@type\":\"SearchAction\",\"target\":{\"@type\":\"EntryPoint\",\"urlTemplate\":\"https:\/\/vaimenina.com.br\/blog\/?s={search_term_string}\"},\"query-input\":{\"@type\":\"PropertyValueSpecification\",\"valueRequired\":true,\"valueName\":\"search_term_string\"}}],\"inLanguage\":\"pt-BR\"}]}<\/script>\n<!-- \/ Yoast SEO plugin. -->","yoast_head_json":{"title":"Cabelo Natural - Vai Menina","robots":{"index":"index","follow":"follow","max-snippet":"max-snippet:-1","max-image-preview":"max-image-preview:large","max-video-preview":"max-video-preview:-1"},"canonical":"https:\/\/vaimenina.com.br\/blog\/pagina-2\/","og_locale":"pt_BR","og_type":"article","og_title":"Cabelo Natural - Vai Menina","og_description":"Follow me Eu nasci com o cabelo enroladinho&#8230; Mas passei metade da vida tentando mudar a forma dele com processos qu\u00edmicos. Depois de\u00a0mais de 10 anos, caiu a ficha de que eu n\u00e3o precisa de nada disso para ser feliz, e que aceitar meus cachos era uma liberta\u00e7\u00e3o. Esse \u00e9 um processo demorado, durante 1 [&hellip;]","og_url":"https:\/\/vaimenina.com.br\/blog\/pagina-2\/","og_site_name":"Vai Menina","article_publisher":"https:\/\/www.facebook.com\/vaimenina\/","article_modified_time":"2015-07-29T02:45:49+00:00","og_image":[{"url":"http:\/\/vaimenina.com.br\/blog\/wp-content\/uploads\/2015\/01\/wpid-img_20141216_135103-300x300.jpg"}],"twitter_misc":{"Est. tempo de leitura":"1 minuto"},"schema":{"@context":"https:\/\/schema.org","@graph":[{"@type":"WebPage","@id":"https:\/\/vaimenina.com.br\/blog\/pagina-2\/","url":"https:\/\/vaimenina.com.br\/blog\/pagina-2\/","name":"Cabelo Natural - Vai Menina","isPartOf":{"@id":"https:\/\/vaimenina.com.br\/blog\/#website"},"primaryImageOfPage":{"@id":"https:\/\/vaimenina.com.br\/blog\/pagina-2\/#primaryimage"},"image":{"@id":"https:\/\/vaimenina.com.br\/blog\/pagina-2\/#primaryimage"},"thumbnailUrl":"http:\/\/vaimenina.com.br\/blog\/wp-content\/uploads\/2015\/01\/wpid-img_20141216_135103-300x300.jpg","datePublished":"2015-01-11T20:59:47+00:00","dateModified":"2015-07-29T02:45:49+00:00","breadcrumb":{"@id":"https:\/\/vaimenina.com.br\/blog\/pagina-2\/#breadcrumb"},"inLanguage":"pt-BR","potentialAction":[{"@type":"ReadAction","target":["https:\/\/vaimenina.com.br\/blog\/pagina-2\/"]}]},{"@type":"ImageObject","inLanguage":"pt-BR","@id":"https:\/\/vaimenina.com.br\/blog\/pagina-2\/#primaryimage","url":"http:\/\/vaimenina.com.br\/blog\/wp-content\/uploads\/2015\/01\/wpid-img_20141216_135103-300x300.jpg","contentUrl":"http:\/\/vaimenina.com.br\/blog\/wp-content\/uploads\/2015\/01\/wpid-img_20141216_135103-300x300.jpg"},{"@type":"BreadcrumbList","@id":"https:\/\/vaimenina.com.br\/blog\/pagina-2\/#breadcrumb","itemListElement":[{"@type":"ListItem","position":1,"name":"In\u00edcio","item":"https:\/\/vaimenina.com.br\/blog\/"},{"@type":"ListItem","position":2,"name":"Cabelo Natural"}]},{"@type":"WebSite","@id":"https:\/\/vaimenina.com.br\/blog\/#website","url":"https:\/\/vaimenina.com.br\/blog\/","name":"Vai Menina","description":"Viagens, ballet, cabelo, comportamento e mais...","potentialAction":[{"@type":"SearchAction","target":{"@type":"EntryPoint","urlTemplate":"https:\/\/vaimenina.com.br\/blog\/?s={search_term_string}"},"query-input":{"@type":"PropertyValueSpecification","valueRequired":true,"valueName":"search_term_string"}}],"inLanguage":"pt-BR"}]}},"jetpack_sharing_enabled":true,"jetpack_shortlink":"https:\/\/wp.me\/P5GGJf-7w","_links":{"self":[{"href":"https:\/\/vaimenina.com.br\/blog\/wp-json\/wp\/v2\/pages\/466"}],"collection":[{"href":"https:\/\/vaimenina.com.br\/blog\/wp-json\/wp\/v2\/pages"}],"about":[{"href":"https:\/\/vaimenina.com.br\/blog\/wp-json\/wp\/v2\/types\/page"}],"author":[{"embeddable":true,"href":"https:\/\/vaimenina.com.br\/blog\/wp-json\/wp\/v2\/users\/1"}],"replies":[{"embeddable":true,"href":"https:\/\/vaimenina.com.br\/blog\/wp-json\/wp\/v2\/comments?post=466"}],"version-history":[{"count":4,"href":"https:\/\/vaimenina.com.br\/blog\/wp-json\/wp\/v2\/pages\/466\/revisions"}],"predecessor-version":[{"id":1739,"href":"https:\/\/vaimenina.com.br\/blog\/wp-json\/wp\/v2\/pages\/466\/revisions\/1739"}],"wp:attachment":[{"href":"https:\/\/vaimenina.com.br\/blog\/wp-json\/wp\/v2\/media?parent=466"}],"curies":[{"name":"wp","href":"https:\/\/api.w.org\/{rel}","templated":true}]}}