{"id":468,"date":"2015-01-11T17:59:59","date_gmt":"2015-01-11T20:59:59","guid":{"rendered":"http:\/\/vaimenina.com.br\/blog\/?page_id=468"},"modified":"2015-01-12T00:25:17","modified_gmt":"2015-01-12T03:25:17","slug":"pagina-3","status":"publish","type":"page","link":"https:\/\/vaimenina.com.br\/blog\/pagina-3\/","title":{"rendered":"Viagem"},"content":{"rendered":"<div class=\"pntrst_main_before_after\"><div class=\"pntrst-button-wrap \" >\n\t\t\t\t\t\t\t<a  data-pin-do=\"buttonFollow\" href=\"https:\/\/www.pinterest.com\/vaimenina\/\">Follow me<\/a>\n\t\t\t\t\t\t<\/div><\/div><p>O desejo de viajar \u00e9 um sentimento t\u00e3o forte que em alem\u00e3o possui uma palavra s\u00f3 para design\u00e1-lo: wanderlust. Mas nem todo mundo pode escolher o lugar, juntar as coisas e partir na pr\u00f3xima semana. Trabalho, estudos, dinheiro e algumas outras coisas podem atrapalhar, mas se programando, pesquisando e poupando voc\u00ea pode conhecer o lugar dos sonhos.<\/p>\n<p><a href=\"https:\/\/i0.wp.com\/vaimenina.com.br\/blog\/wp-content\/uploads\/2015\/01\/DSC01263.jpg\"><img data-recalc-dims=\"1\" loading=\"lazy\" decoding=\"async\" class=\"alignnone size-medium wp-image-481\" src=\"https:\/\/i0.wp.com\/vaimenina.com.br\/blog\/wp-content\/uploads\/2015\/01\/DSC01263.jpg?resize=1%2C1\" alt=\"DSC01263\" width=\"1\" height=\"1\" \/><\/a><a href=\"https:\/\/i0.wp.com\/vaimenina.com.br\/blog\/wp-content\/uploads\/2015\/01\/DSC012633.jpg\"><img data-recalc-dims=\"1\" loading=\"lazy\" decoding=\"async\" class=\"alignnone wp-image-532 size-large\" src=\"https:\/\/i0.wp.com\/vaimenina.com.br\/blog\/wp-content\/uploads\/2015\/01\/DSC012633-2048x1536.jpg?resize=1170%2C878\" alt=\"DSC01263\" width=\"1170\" height=\"878\" srcset=\"https:\/\/i0.wp.com\/vaimenina.com.br\/blog\/wp-content\/uploads\/2015\/01\/DSC012633.jpg?resize=2048%2C1536&amp;ssl=1 2048w, https:\/\/i0.wp.com\/vaimenina.com.br\/blog\/wp-content\/uploads\/2015\/01\/DSC012633.jpg?resize=300%2C225&amp;ssl=1 300w, https:\/\/i0.wp.com\/vaimenina.com.br\/blog\/wp-content\/uploads\/2015\/01\/DSC012633.jpg?w=3000&amp;ssl=1 3000w\" sizes=\"(max-width: 1000px) 100vw, 1000px\" \/><\/a><\/p>\n<p>Minha lista de destinos \u00e9 bem longa, e aos poucos estou riscando novos lugares. Divido com voc\u00eas meus roteiros, dicas e experi\u00eancias na tag viagem, onde voc\u00ea encontra tamb\u00e9m ideias para economizar e sugest\u00f5es de cidades para conhecer. Boa viagem!<\/p>\n<div class=\"pntrst_main_before_after\"><\/div><p><a href=\"\/\/www.pinterest.com\/pin\/create\/button\/\" data-pin-do=\"buttonBookmark\" data-pin-color=\"red\" data-pin-height=\"128\"><img data-recalc-dims=\"1\" decoding=\"async\" src=\"https:\/\/i0.wp.com\/assets.pinterest.com\/images\/pidgets\/pinit_fg_en_rect_red_28.png\" \/><\/a><\/p>","protected":false},"excerpt":{"rendered":"<p>Follow me O desejo de viajar \u00e9 um sentimento t\u00e3o forte que em alem\u00e3o possui uma palavra s\u00f3 para design\u00e1-lo: wanderlust. Mas nem todo mundo pode escolher o lugar, juntar as coisas e partir na pr\u00f3xima semana. Trabalho, estudos, dinheiro e algumas outras coisas podem atrapalhar, mas se programando, pesquisando e poupando voc\u00ea pode conhecer [&hellip;]<\/p>\n","protected":false},"author":1,"featured_media":0,"parent":0,"menu_order":0,"comment_status":"open","ping_status":"open","template":"","meta":{"_exactmetrics_skip_tracking":false,"_exactmetrics_sitenote_active":false,"_exactmetrics_sitenote_note":"","_exactmetrics_sitenote_category":0,"jetpack_post_was_ever_published":false,"footnotes":""},"class_list":["post-468","page","type-page","status-publish","hentry"],"yoast_head":"<!-- This site is optimized with the Yoast SEO plugin v23.5 - https:\/\/yoast.com\/wordpress\/plugins\/seo\/ -->\n<title>Viagem - Vai Menina<\/title>\n<meta name=\"robots\" content=\"index, follow, max-snippet:-1, max-image-preview:large, max-video-preview:-1\" \/>\n<link rel=\"canonical\" href=\"https:\/\/vaimenina.com.br\/blog\/pagina-3\/\" \/>\n<meta property=\"og:locale\" content=\"pt_BR\" \/>\n<meta property=\"og:type\" content=\"article\" \/>\n<meta property=\"og:title\" content=\"Viagem - Vai Menina\" \/>\n<meta property=\"og:description\" content=\"Follow me O desejo de viajar \u00e9 um sentimento t\u00e3o forte que em alem\u00e3o possui uma palavra s\u00f3 para design\u00e1-lo: wanderlust. Mas nem todo mundo pode escolher o lugar, juntar as coisas e partir na pr\u00f3xima semana. Trabalho, estudos, dinheiro e algumas outras coisas podem atrapalhar, mas se programando, pesquisando e poupando voc\u00ea pode conhecer [&hellip;]\" \/>\n<meta property=\"og:url\" content=\"https:\/\/vaimenina.com.br\/blog\/pagina-3\/\" \/>\n<meta property=\"og:site_name\" content=\"Vai Menina\" \/>\n<meta property=\"article:publisher\" content=\"https:\/\/www.facebook.com\/vaimenina\/\" \/>\n<meta property=\"article:modified_time\" content=\"2015-01-12T03:25:17+00:00\" \/>\n<meta property=\"og:image\" content=\"http:\/\/vaimenina.com.br\/blog\/wp-content\/uploads\/2015\/01\/DSC01263.jpg\" \/>\n<meta name=\"twitter:label1\" content=\"Est. tempo de leitura\" \/>\n\t<meta name=\"twitter:data1\" content=\"1 minuto\" \/>\n<script type=\"application\/ld+json\" class=\"yoast-schema-graph\">{\"@context\":\"https:\/\/schema.org\",\"@graph\":[{\"@type\":\"WebPage\",\"@id\":\"https:\/\/vaimenina.com.br\/blog\/pagina-3\/\",\"url\":\"https:\/\/vaimenina.com.br\/blog\/pagina-3\/\",\"name\":\"Viagem - Vai Menina\",\"isPartOf\":{\"@id\":\"https:\/\/vaimenina.com.br\/blog\/#website\"},\"primaryImageOfPage\":{\"@id\":\"https:\/\/vaimenina.com.br\/blog\/pagina-3\/#primaryimage\"},\"image\":{\"@id\":\"https:\/\/vaimenina.com.br\/blog\/pagina-3\/#primaryimage\"},\"thumbnailUrl\":\"http:\/\/vaimenina.com.br\/blog\/wp-content\/uploads\/2015\/01\/DSC01263.jpg\",\"datePublished\":\"2015-01-11T20:59:59+00:00\",\"dateModified\":\"2015-01-12T03:25:17+00:00\",\"breadcrumb\":{\"@id\":\"https:\/\/vaimenina.com.br\/blog\/pagina-3\/#breadcrumb\"},\"inLanguage\":\"pt-BR\",\"potentialAction\":[{\"@type\":\"ReadAction\",\"target\":[\"https:\/\/vaimenina.com.br\/blog\/pagina-3\/\"]}]},{\"@type\":\"ImageObject\",\"inLanguage\":\"pt-BR\",\"@id\":\"https:\/\/vaimenina.com.br\/blog\/pagina-3\/#primaryimage\",\"url\":\"http:\/\/vaimenina.com.br\/blog\/wp-content\/uploads\/2015\/01\/DSC01263.jpg\",\"contentUrl\":\"http:\/\/vaimenina.com.br\/blog\/wp-content\/uploads\/2015\/01\/DSC01263.jpg\"},{\"@type\":\"BreadcrumbList\",\"@id\":\"https:\/\/vaimenina.com.br\/blog\/pagina-3\/#breadcrumb\",\"itemListElement\":[{\"@type\":\"ListItem\",\"position\":1,\"name\":\"In\u00edcio\",\"item\":\"https:\/\/vaimenina.com.br\/blog\/\"},{\"@type\":\"ListItem\",\"position\":2,\"name\":\"Viagem\"}]},{\"@type\":\"WebSite\",\"@id\":\"https:\/\/vaimenina.com.br\/blog\/#website\",\"url\":\"https:\/\/vaimenina.com.br\/blog\/\",\"name\":\"Vai Menina\",\"description\":\"Viagens, ballet, cabelo, comportamento e mais...\",\"potentialAction\":[{\"@type\":\"SearchAction\",\"target\":{\"@type\":\"EntryPoint\",\"urlTemplate\":\"https:\/\/vaimenina.com.br\/blog\/?s={search_term_string}\"},\"query-input\":{\"@type\":\"PropertyValueSpecification\",\"valueRequired\":true,\"valueName\":\"search_term_string\"}}],\"inLanguage\":\"pt-BR\"}]}<\/script>\n<!-- \/ Yoast SEO plugin. -->","yoast_head_json":{"title":"Viagem - Vai Menina","robots":{"index":"index","follow":"follow","max-snippet":"max-snippet:-1","max-image-preview":"max-image-preview:large","max-video-preview":"max-video-preview:-1"},"canonical":"https:\/\/vaimenina.com.br\/blog\/pagina-3\/","og_locale":"pt_BR","og_type":"article","og_title":"Viagem - Vai Menina","og_description":"Follow me O desejo de viajar \u00e9 um sentimento t\u00e3o forte que em alem\u00e3o possui uma palavra s\u00f3 para design\u00e1-lo: wanderlust. Mas nem todo mundo pode escolher o lugar, juntar as coisas e partir na pr\u00f3xima semana. Trabalho, estudos, dinheiro e algumas outras coisas podem atrapalhar, mas se programando, pesquisando e poupando voc\u00ea pode conhecer [&hellip;]","og_url":"https:\/\/vaimenina.com.br\/blog\/pagina-3\/","og_site_name":"Vai Menina","article_publisher":"https:\/\/www.facebook.com\/vaimenina\/","article_modified_time":"2015-01-12T03:25:17+00:00","og_image":[{"url":"http:\/\/vaimenina.com.br\/blog\/wp-content\/uploads\/2015\/01\/DSC01263.jpg"}],"twitter_misc":{"Est. tempo de leitura":"1 minuto"},"schema":{"@context":"https:\/\/schema.org","@graph":[{"@type":"WebPage","@id":"https:\/\/vaimenina.com.br\/blog\/pagina-3\/","url":"https:\/\/vaimenina.com.br\/blog\/pagina-3\/","name":"Viagem - Vai Menina","isPartOf":{"@id":"https:\/\/vaimenina.com.br\/blog\/#website"},"primaryImageOfPage":{"@id":"https:\/\/vaimenina.com.br\/blog\/pagina-3\/#primaryimage"},"image":{"@id":"https:\/\/vaimenina.com.br\/blog\/pagina-3\/#primaryimage"},"thumbnailUrl":"http:\/\/vaimenina.com.br\/blog\/wp-content\/uploads\/2015\/01\/DSC01263.jpg","datePublished":"2015-01-11T20:59:59+00:00","dateModified":"2015-01-12T03:25:17+00:00","breadcrumb":{"@id":"https:\/\/vaimenina.com.br\/blog\/pagina-3\/#breadcrumb"},"inLanguage":"pt-BR","potentialAction":[{"@type":"ReadAction","target":["https:\/\/vaimenina.com.br\/blog\/pagina-3\/"]}]},{"@type":"ImageObject","inLanguage":"pt-BR","@id":"https:\/\/vaimenina.com.br\/blog\/pagina-3\/#primaryimage","url":"http:\/\/vaimenina.com.br\/blog\/wp-content\/uploads\/2015\/01\/DSC01263.jpg","contentUrl":"http:\/\/vaimenina.com.br\/blog\/wp-content\/uploads\/2015\/01\/DSC01263.jpg"},{"@type":"BreadcrumbList","@id":"https:\/\/vaimenina.com.br\/blog\/pagina-3\/#breadcrumb","itemListElement":[{"@type":"ListItem","position":1,"name":"In\u00edcio","item":"https:\/\/vaimenina.com.br\/blog\/"},{"@type":"ListItem","position":2,"name":"Viagem"}]},{"@type":"WebSite","@id":"https:\/\/vaimenina.com.br\/blog\/#website","url":"https:\/\/vaimenina.com.br\/blog\/","name":"Vai Menina","description":"Viagens, ballet, cabelo, comportamento e mais...","potentialAction":[{"@type":"SearchAction","target":{"@type":"EntryPoint","urlTemplate":"https:\/\/vaimenina.com.br\/blog\/?s={search_term_string}"},"query-input":{"@type":"PropertyValueSpecification","valueRequired":true,"valueName":"search_term_string"}}],"inLanguage":"pt-BR"}]}},"jetpack_sharing_enabled":true,"jetpack_shortlink":"https:\/\/wp.me\/P5GGJf-7y","_links":{"self":[{"href":"https:\/\/vaimenina.com.br\/blog\/wp-json\/wp\/v2\/pages\/468"}],"collection":[{"href":"https:\/\/vaimenina.com.br\/blog\/wp-json\/wp\/v2\/pages"}],"about":[{"href":"https:\/\/vaimenina.com.br\/blog\/wp-json\/wp\/v2\/types\/page"}],"author":[{"embeddable":true,"href":"https:\/\/vaimenina.com.br\/blog\/wp-json\/wp\/v2\/users\/1"}],"replies":[{"embeddable":true,"href":"https:\/\/vaimenina.com.br\/blog\/wp-json\/wp\/v2\/comments?post=468"}],"version-history":[{"count":8,"href":"https:\/\/vaimenina.com.br\/blog\/wp-json\/wp\/v2\/pages\/468\/revisions"}],"predecessor-version":[{"id":544,"href":"https:\/\/vaimenina.com.br\/blog\/wp-json\/wp\/v2\/pages\/468\/revisions\/544"}],"wp:attachment":[{"href":"https:\/\/vaimenina.com.br\/blog\/wp-json\/wp\/v2\/media?parent=468"}],"curies":[{"name":"wp","href":"https:\/\/api.w.org\/{rel}","templated":true}]}}